- 3. Let d be j(-2). Suppose -4 = 2*p, 10 = -d*v - 2*p - 3*p. Suppose 4*q + 18 - 46 = v. What are the prime factors of q?
7
Suppose 5 = -5*s - 6*k + k, -5*s = k - 15. Suppose 3*f - 2*j + s = 136, -5*j = 2*f - 69. What are the prime factors of f/5 + (-4)/10?
2
Let q(a) = a**2 + 7*a + 11. Let k be (-180)/22 + 6/33. Let g be q(k). Let v = g + -9. What are the prime factors of v?
2, 5
Let p be (16/1)/((-3)/30). List the prime factors of (12/10)/((-6)/p).
2
Suppose 2*q + 2*q - 925 = 3*x, q = 5*x + 210. List the prime factors of q.
5, 47
Suppose 0*j - 2*j = -4. Suppose j*m + 13 = 45. What are the prime factors of m?
2
Suppose -4*r - r - 5*k = -35, 0 = -2*k + 4. Let s = 8 - r. What are the prime factors of s?
3
Let a = 44 + 39. What are the prime factors of a?
83
Let f = -23 - -55. Suppose -3*w + 2*w = -f. List the prime factors of w.
2
Let y = -62 + 118. What are the prime factors of y?
2, 7
What are the prime factors of (-6)/(-24) + 585/12?
7
Let j(u) = -9*u + 18. What are the prime factors of j(-5)?
3, 7
Suppose 3*w + 17 = a, 5*w + 21 = -a - a. Let o = w + 33. List the prime factors of o.
2, 7
Suppose -5*z + 21 = -4. Let r = 5 + z. List the prime factors of r.
2, 5
Suppose -5 = -o - 0*o, -3*o - 1 = -4*x. Let k = x - 2. Let r(c) = 2*c**2 - 2. What are the prime factors of r(k)?
2, 3
Suppose -5*g + 3*g + 84 = 0. List the prime factors of g.
2, 3, 7
Suppose 4*i + 0*i = -n + 41, i + 11 = 4*n. Suppose -i = -m + 3. List the prime factors of m.
2, 3
Let j(f) = -f**3 - 9*f**2 - 8*f + 4. Let g(y) = -8*y. Let w be (-2)/(-6) + (-10)/(-15). Let o be g(w). List the prime factors of j(o).
2
Let n = -39 + 82. List the prime factors of n.
43
Let n(r) = -3*r**3 + 3*r**2 + 12*r + 9. List the prime factors of n(-4).
3, 67
Let o = -40 + 116. Let a = -34 + o. What are the prime factors of a?
2, 3, 7
Let q(k) = k - 3. Let j be q(7). Suppose -j*m + 21 = 3*i - 0*i, 14 = 2*i - 4*m. Suppose -i*p - 4 = -3*p, 4*p + 24 = 5*x. What are the prime factors of x?
2
Let t(o) = o**3 + 12. List the prime factors of t(0).
2, 3
Let j(m) = m**3 + 4*m**2 - 4*m - 1. Let w be j(-6). List the prime factors of (-4)/1 - -1 - w.
2, 23
List the prime factors of (8988/(-105))/(((-8)/10)/2).
2, 107
Let s = -79 + 138. Let x = -33 + s. List the prime factors of x.
2, 13
Let q = -73 - -210. List the prime factors of q.
137
Suppose 4*a - 5*a = 0. Suppose 0 = 4*r + 2*u - 92, r - 4*r - 4*u = -64. Suppose a = 5*l - l - r. List the prime factors of l.
2, 3
Suppose 0*t = -6*t + 30. Suppose -3*s - 2*s = -5. Suppose t*z = s + 24. What are the prime factors of z?
5
Let w = -2 + 5. Suppose -w = d - 7. List the prime factors of d.
2
Suppose z + 2*t - 49 = -2*t, 5*t = 3*z - 130. List the prime factors of z.
3, 5
Let m = 12 - 16. Let h = m + 13. List the prime factors of h.
3
Let j(g) = -3*g**3 + 1. Let r be j(-1). Suppose -4*h + 3 - 31 = 0. Let a = r - h. List the prime factors of a.
11
Let c = 154 + -90. What are the prime factors of c?
2
Let x(w) = 5*w**2. Let z be x(-1). Let y(u) = 4 - z + 6*u + 2. What are the prime factors of y(1)?
7
Let b(n) = -n**3 + n**2 - n - 1. Let o be b(3). List the prime factors of 61/2 + (-11)/o.
31
Suppose 37 = 3*d + 5*t - 14, 0 = -2*d - 4*t + 34. Let q = 57 - d. What are the prime factors of q?
2, 5
Let w = 22 + -52. Suppose -2*h - 11 = 13. What are the prime factors of (-104)/(-10) - h/w?
2, 5
Let l(r) = -r + 1. Let p be l(-3). Let n be p - 2 - (2 + -3). Suppose -7*q + 8 = -n*q. List the prime factors of q.
2
Let q(w) = w. Let j(z) = 4*z - 10. Let a(v) = -j(v) + 5*q(v). Let g be a(0). Let y = 1 + g. What are the prime factors of y?
11
Suppose 2*v + 2*v = 12. Let k = v + 1. Suppose k*w = 14 + 58. List the prime factors of w.
2, 3
Suppose 9 = -3*s + a + 40, 5*s + a - 65 = 0. Suppose 4*k + s = 0, -2*p + 15 = -3*k + 2. Suppose d - p = 2. List the prime factors of d.
2
Let j(z) = 4*z**2 + 3*z + 2. Let p(s) = s**3 - 6*s**2 - 8*s + 5. Let k be p(7). List the prime factors of j(k).
2, 3
Suppose 0 = 2*r - 1 - 3. Suppose -3*t = -r*t. Suppose 0*g + 2*g - 32 = t. List the prime factors of g.
2
Suppose -r + 2*r = 3. Let t be -1 - (-63)/(0 + r). Suppose -3*f + t = -f. What are the prime factors of f?
2, 5
Let r(a) = a + 4. Let k be r(-4). Suppose 3*n + n - 8 = k. List the prime factors of n.
2
Suppose 7*d - 2*d + 20 = 0. Let u(j) = -7*j - 7. What are the prime factors of u(d)?
3, 7
Suppose 0*q + 4*q = 192. List the prime factors of q.
2, 3
Let y = -18 + 11. Let j be 4 + -2 - (3 - -17). Let b = y - j. What are the prime factors of b?
11
Let r(k) = 7*k - 12. Let n(l) = 13*l - 25. Let z(a) = 3*n(a) - 5*r(a). List the prime factors of z(9).
3, 7
Let w(o) = -4*o + 8. Let c be w(7). Let g = 28 + c. Suppose 3*a = 4*h - 12 - g, 10 = 2*h - a. What are the prime factors of h?
5
Let b(f) = f**3 - f**2 + 3. Let c = -5 - -5. Suppose g - 4 = 4*v, c = -g - 3*g + 2*v + 2. What are the prime factors of b(g)?
3
Suppose 4*u = -0*u + 540. What are the prime factors of 1/2 - u/(-6)?
23
Let g be 2/(-6) + 20/6. Let w(t) = 3*t**g - 2*t**2 - 4*t - 1 - 2*t**3 + t**2. List the prime factors of w(3).
5
Let k(x) be the first derivative of -x**3/3 + 9*x**2/2 + 8*x - 4. Let c be k(7). What are the prime factors of (c/(-2) - 1)*-1?
2, 3
Let n(i) = -3*i**2 - i - 2*i - i**3 - 2 + 5*i. Let q(w) = 2*w**3 + 2*w**2 - 2*w + 2. Let j(f) = 3*n(f) + 2*q(f). What are the prime factors of j(5)?
2
Let x(p) = p**3 - 9*p**2 - 7*p - 4. What are the prime factors of x(10)?
2, 13
Let w(v) = -47*v**3 + v**2 + 2*v. Let u(a) = a**3 - 7*a**2 + 6*a - 1. Let q be u(6). List the prime factors of w(q).
2, 23
Suppose -9 = -5*k - 3*o, -5*k = -0*k - 5*o - 25. Suppose -2*w + 15 = -k*w. What are the prime factors of (2 - 1)/(-1) - w?
2, 7
Suppose 0 = -3*c + 7*c - 72. List the prime factors of c.
2, 3
Suppose 0 = -3*q - z - 3*z + 26, -2*q = 3*z - 18. Suppose 18 = q*d - 3*d. List the prime factors of d.
2, 3
Suppose -76 = -7*h + 5*h. Suppose -5*m = o + 13, 4*o = -4*m + 2*m + h. What are the prime factors of o?
2, 3
Let j = -51 - -101. What are the prime factors of j?
2, 5
Suppose -3*x - x + 4 = 0. Let o = 3 + x. What are the prime factors of o?
2
Let m(v) = -2*v**3 - 2*v**2 + v - 1. List the prime factors of m(-2).
5
Let b be (12/(-16))/((-1)/4). Let a be (8/(-10))/(b/(-75)). Suppose a = 2*y - 6*y, 3*y = -4*n + 13. List the prime factors of n.
7
Let d(w) be the second derivative of w**3/6 - w**2/2 + 4*w. What are the prime factors of d(6)?
5
Let c = 43 - 13. What are the prime factors of c?
2, 3, 5
Let a(k) = k**3 + k**2 - 1. Let l(n) = -5*n**3 - 5*n**2 - n + 7. Let x(d) = 4*a(d) + l(d). List the prime factors of x(0).
3
Let x = -1 - -3. Let f(i) = 11*i**3 - i - 1. Let d be f(2). Suppose -43 = -x*y + q, y + 2*q - d = -4*y. What are the prime factors of y?
19
Let v(z) be the second derivative of -7*z**3/6 + 3*z**2 - z. Let n be v(4). List the prime factors of (-3)/(-6)*0 - n.
2, 11
Suppose 4*c = c + 312. What are the prime factors of c?
2, 13
List the prime factors of (-1)/(-6) - (-1146)/36.
2
List the prime factors of (-6 - -6) + -1 + (-222)/(-2).
2, 5, 11
Let t = 2 + 2. Let a be t/(-6) + (-3)/9. What are the prime factors of (2/a)/(4/(-18))?
3
Suppose 2*y - 60 = -24. List the prime factors of y.
2, 3
Let d(j) = j + 13. Suppose 5*a + 23 = 3*a - 3*v, -a - 8 = -2*v. Let n be d(a). Suppose -5*f + 43 = -0*c + n*c, 5*c = -3*f + 13. List the prime factors of f.
11
Suppose 4*b - 8 = 2*b. Suppose 9*p - 682 = -2*p. Suppose 2*m = -3*r + 39, 5*r - b*m - p = 25. List the prime factors of r.
3, 5
Let c = 0 + 2. Suppose c*m = -4*m + 96. What are the prime factors of m?
2
Let q be (-3)/(1 - 28/16). Suppose -q*y + 186 = 70. What are the prime factors of y?
29
Let s(p) = 4*p**2 - 1. Suppose 0 = -2*n - 2*n + 8. Let j be -3 + n/((-2)/(-2)). List the prime factors of s(j).
3
Let w = 280 + -49. List the prime factors of w.
3, 7, 11
Let m be -5*-2*(-8)/(-10). Suppose -l + m = 3*l. What are the prime factors of l?
2
Let y be 1/(-4) + (-36)/(-16). Suppose y*b = 5 + 55. List the prime factors of b.
2, 3, 5
Let g = -152 - -411. What are the prime factors of g?
7, 37
Let m(i) = i + 4. Let n be m(3). Suppose -c + 3 = 0, 0 = 5*t - 3*c + 5 + 24. Let x = n + t. What are the prime factors of x?
3
Suppose 2*h = 3*u - 2*h, 0 = 4*h. Suppose -5*o = -u*o - 10. What are the prime factors